hundreds digit of s?
9
Let b(k) = -8*k + 61. Let h(q) = 16*q - 126. Let y(o) = -15*b(o) - 6*h(o). What is the units digit of y(12)?
9
Let z = -947 - -1563. What is the tens digit of z?
1
Suppose -811 + 3256 = -15*w. Let q = w - -862. What is the units digit of q?
9
Suppose -7683 - 38493 = -12*o. What is the hundreds digit of o?
8
Let i(c) = c**3 - 4*c**2 + 5*c. Let u be i(3). Let p(m) = -m**2 - 5*m - 11. Let n be p(u). Let o = 177 + n. What is the units digit of o?
0
What is the hundreds digit of 185 - (-9 + -1) - -15?
2
Let x = 367 - 358. Suppose -944 = -7*p - x*p. What is the units digit of p?
9
Suppose -a = -6 + 1. Suppose l + 5*u = 188 + 135, 0 = a*u - 20. What is the tens digit of l?
0
Suppose 163*g - 4324204 = 1932388. What is the units digit of g?
4
Let n(i) = i**2 - 8*i + 21. Let g be n(-8). Let o be 4 + -2 - 12/(-6). Suppose -2*r + g = -k - 27, 4*r + o*k = 328. What is the tens digit of r?
8
Let g = 18869 - 8282. What is the tens digit of g?
8
Suppose -q + 31 - 26 = 0, -5*j - 3*q = -35. Suppose -5*m = s - 981, j*m = s + 2*m - 1016. What is the units digit of s?
6
Let b(v) = 3*v**2 + 67*v - 142. What is the hundreds digit of b(-32)?
7
What is the units digit of 6/(-2)*(-84904)/(-12)*-2?
2
Let m = 490 + -496. What is the hundreds digit of ((-2)/m)/(5/12195)?
8
Let d(c) = c**3 - 32*c**2 - 41*c - 2. Let u(s) = 35*s**2 - 5*s - 6. Let g be u(-1). What is the hundreds digit of d(g)?
9
Suppose 2*y + b - 15523 = 0, -4*y - 6*b + 23298 = -y. What is the units digit of y?
0
Let n(l) = -l**3 + 8*l**2 + 6*l - 21. Let m be n(10). What is the hundreds digit of (690/m)/(1/(-154))?
6
Let g be 22/385*133 + 6/(-10). What is the tens digit of (g - 164)/(1/(-3))?
7
Let s be -3 + ((-6)/21 - (-484)/77). Let z(p) be the first derivative of p**4/2 - p**3 - p**2 - 4*p + 1. What is the tens digit of z(s)?
1
Let f = 36830 - 22897. What is the thousands digit of f?
3
What is the tens digit of (-110)/(-6)*(-254070)/(-450)?
5
Let c = 16 - 13. Suppose -3*k - g = -6*g - c, 3 = k - g. Let o(j) = 2*j + 5. What is the units digit of o(k)?
7
Suppose 0 = -4*o + 447 - 455, -20511 = -l - 2*o. What is the hundreds digit of l?
5
Suppose -4*o = -5*q - 59 - 178, -2 = 2*q. Let l be (1016/(-1651))/(6/(-39)). Suppose -l*p = 4*b - p - 232, -o = -b + 5*p. What is the units digit of b?
8
Suppose 19*q - 4*m - 359 = 18*q, -1128 = -3*q - 5*m. Suppose q = 8*u - 341. What is the units digit of u?
9
Suppose 3*p - f = -3*f + 63, -31 = -p - 4*f. What is the units digit of (-12 - -11)*p*-41?
9
Let k be (0 - 1)/(2/6). Let b be (k*1)/(21/(-14)) - -1. Suppose 292 = 5*j - n - 3*n, 5*n + 183 = b*j. What is the tens digit of j?
5
Let x(k) = 5*k - 50. Let t be x(10). Suppose 4*r + 4 = t, 591 = 2*w + 2*w + 5*r. What is the hundreds digit of (w - -3)/1 - (3 - 2)?
1
Suppose -39*q + 37*q = v - 16347, 3*v - 8181 = -q. What is the units digit of q?
2
Suppose -4*s = 4*d - 8524, 0 = 51*s - 55*s - 5*d + 8522. What is the units digit of s?
3
Suppose 3*k - k = 6*k. Suppose 4*v + 5*o - 445 = k, -v = -o - 24 - 85. What is the tens digit of v?
1
Let o = -1214 - -1463. What is the units digit of o?
9
Suppose -g - 9 = -4*g - 4*d, -d + 4 = g. Suppose -g*j + 4416 = -3*j. What is the units digit of j?
4
Suppose 13*l = 122*l - 2662652. What is the thousands digit of l?
4
Let l(z) = 2*z**3 - 15*z**2 - 36*z + 231. What is the tens digit of l(21)?
8
Let w(t) = 53*t**3 + 3*t**2 - 107*t - 26. What is the hundreds digit of w(8)?
4
What is the tens digit of ((-5154)/18)/((-2510)/(-210) - 12)?
1
Let y(l) = -l**3 - 12*l**2 + 19*l - 14. Let o be y(-14). Suppose o = -30*b + 31*b. What is the tens digit of b?
1
Let y be 4 + 754 - 30/5. Suppose 4*a = m + y, 127 + 50 = a - 3*m. What is the units digit of a?
9
Let a(i) = -415*i - 280. What is the hundreds digit of a(-25)?
0
Let x be (54/12 - 5)*(1 - 7). Let z(b) = b**x + 1038 + 8*b**2 - 2*b - 1038. What is the units digit of z(-6)?
4
Let b = -56 - -54. Let u be 4*(-3 - -4) - b*4. Suppose 13*y = u*y + 32. What is the tens digit of y?
3
Suppose 0 = -6*y + 8*y - 10. Suppose -l - y*t = -0*l + 33, -4*l + 3*t - 63 = 0. What is the units digit of (-940)/l - (-12)/(-54)?
2
What is the tens digit of (2*367 + 0)*(-13 - 972/(-72))?
6
Suppose 0 = -2*s + 8, -s + 12423 + 26685 = a. What is the ten thousands digit of a?
3
Suppose 42 = -5*m + 17. What is the tens digit of ((-183)/(-4))/(m/(-20))*3?
4
Let d = 1688 + -1642. Suppose 0 = 2*o + 3*o - 50. Suppose -d = -12*p + o*p. What is the units digit of p?
3
What is the ten thousands digit of (3186/(-12) - 10/(-20))*-47?
1
Suppose 5*f - 197562 = 3*z, 10*f - 11*f = -z - 39510. What is the hundreds digit of f?
5
Let w be (-40)/180 - 1*(-2)/9. Suppose -3*k + x + 399 = w, 13 = k + 4*x - 133. Suppose -2*t + 654 = 3*t + 4*a, 0 = -t - 4*a + k. What is the units digit of t?
0
Suppose y = k + 5021, -28*k = 5*y - 27*k - 25081. What is the units digit of y?
7
Let p(h) = -h**3 - 27*h**2 - 84*h - 464. What is the hundreds digit of p(-35)?
2
Suppose 0 = 3*b - 3*w + 7158, -4*w = 1 + 7. Let c = -1408 - b. Suppose -8*o + c = -3*o. What is the hundreds digit of o?
1
Let u(s) be the first derivative of -9*s**2/2 - 18*s + 43. What is the units digit of u(-3)?
9
Suppose 2*n - 32 = -4. Suppose 3*q - n*q = -3828. What is the tens digit of -3 + 1/(4/q)?
8
Let n(c) = 166*c**3 + c**2 + 1. Let x(s) = s + 14. Let a be x(-13). Let d be n(a). Suppose 0 = -4*h + 700 - d. What is the units digit of h?
3
Suppose 4*q + 4*d + 352 = 6*q, -4*d + 182 = q. Suppose -5*k - q + 1913 = 0. What is the tens digit of k?
4
Suppose 5*w = -2*a + 85257, 3*a + 54661 + 30616 = 5*w. What is the tens digit of w?
5
Suppose -3*l + 2*u + 866 - 375 = 0, 5*l - 813 = 2*u. What is the tens digit of l?
6
Suppose -23*i - 23 = -253. Suppose -997 = -i*x + 343. What is the tens digit of x?
3
Let m(w) be the second derivative of w**5/5 - 17*w**3/6 + w**2/2 - 90*w. What is the tens digit of m(4)?
8
Suppose 3*k + 18 - 24 = 0. Suppose -4*t = -2*w + 24, 21 = 2*w - 3*t + k*t. Let c(x) = -x**3 + 11*x**2 - 4*x + 10. What is the tens digit of c(w)?
7
Suppose -8*a = -25 - 7. Suppose 13*u - 18 = a*u. Suppose -u*h + 5*h = 4*q + 374, 0 = -h - 5*q + 112. What is the units digit of h?
2
Let h(c) = -c**2 - 43*c - 45. Let m be h(-30). Let a = -195 + m. Suppose 147*s + 915 = a*s. What is the hundreds digit of s?
3
Let n = 232 - 229. Suppose -10 + 778 = n*a. What is the tens digit of a?
5
Suppose 197877 = 18*v - 478005. What is the units digit of v?
9
Let a = 43 - -13. Let r = -42 + a. Suppose x = r*x - 416. What is the units digit of x?
2
Let f(l) be the third derivative of -l**5/60 + 23*l**4/24 + 19*l**3/2 - 32*l**2. Let b be f(26). What is the units digit of (-138)/18*b*1?
1
Let r = 8 + -64. Let n = -52 - r. Suppose 2*j = 2 + n, 5*x - 483 = -j. What is the units digit of x?
6
Let u(h) = -33*h - 154. Let f(c) = -6*c - 134. Let j be f(-19). What is the hundreds digit of u(j)?
5
Let d(q) = 1735*q**2 - 41*q + 96. What is the tens digit of d(2)?
5
Suppose -4*i - 39 = -15. Let s(a) be the third derivative of -5*a**4/24 - 2*a**3/3 + 28*a**2. What is the tens digit of s(i)?
2
Let p(w) = 24*w**2 + 1 + 12*w + 22 - 49*w**2 + 26*w**2. What is the units digit of p(-11)?
2
Suppose -15*d + 894519 = 32*d + 148629. What is the ten thousands digit of d?
1
Let h(o) = -23*o + 288. Let l be h(-39). What is the tens digit of (l/(-21))/((-21)/147)?
9
Let f be (-5)/(-10) - (6/4 - 1). Suppose -4*m + 35 = 5*y, f*y - 7 = y - 2*m. Suppose -y*i + 306 = 3*i. What is the units digit of i?
1
Let k be ((-5)/4)/((-4)/176). Suppose -v + k = 2*t - 4*v, t + 5*v - 60 = 0. What is the tens digit of t?
3
Let n = -11804 - -16954. What is the thousands digit of n?
5
Suppose 7*w + 4542 = 10191. What is the hundreds digit of w?
8
Let i be 6 - 1 - (-10 - -12). Suppose m + 0*w = -i*w - 50, -4*w = 3*m + 160. What is the units digit of 374/14 + (-16)/m?
7
What is the hundreds digit of 49/((-3920)/(-25320))*(32/6 - 0)?
6
Let n(z) = -31*z - z**2 + 5 + 3 + 0. What is the tens digit of n(-8)?
9
Let s be ((-1)/(-2))/((-43)/(-430)). Suppose -3*l = -15*v + 14*v + 610, s*l = 2*v - 1217. What is the hundreds digit of v?
6
Let o = 52 - 27. Let v = o - 32. Let z = v + 19. What is the tens digit of z?
1
Let p(g) be the second derivative of 70*g**5 - g**4/12 + 2*g**3/3 - 2*g**2 + 5*g. Wh